4242?
24244
In base 9, what is 5 - -203?
208
In base 5, what is -4421 + 4?
-4412
In base 11, what is 111 + 15?
126
In base 14, what is -10 + 2a?
1a
In base 5, what is 4 - 324?
-320
In base 8, what is 2 + 2473?
2475
In base 9, what is 264 - -5?
270
In base 14, what is -26 - -12?
-14
In base 4, what is 101 - -3?
110
In base 10, what is 3 + 320?
323
In base 8, what is -17 - -630?
611
In base 7, what is 26 + -324?
-265
In base 11, what is -3 - 4430?
-4433
In base 4, what is -2 + -100?
-102
In base 14, what is 5 - a8?
-a3
In base 9, what is -5 + 54?
48
In base 6, what is -4 + -231?
-235
In base 16, what is -f3 - 4?
-f7
In base 6, what is -1 - 442?
-443
In base 3, what is 11 + -12?
-1
In base 11, what is -3 + 1a2?
19a
In base 5, what is -1200 + 24?
-1121
In base 8, what is -2 + 4311?
4307
In base 6, what is -15 - -132?
113
In base 10, what is 2 + 44?
46
In base 2, what is -1100111101 + 10?
-1100111011
In base 16, what is 3 - -b8?
bb
In base 9, what is -12 - 163?
-175
In base 13, what is 510 - -5?
515
In base 13, what is 337 - -1?
338
In base 4, what is 10 - -3323?
3333
In base 14, what is -2a - -14d?
123
In base 5, what is 2210 - -24?
2234
In base 10, what is 0 + -793?
-793
In base 5, what is -1002 + 3?
-444
In base 14, what is -76 - -18?
-5c
In base 11, what is 0 + 14?
14
In base 6, what is -3 + 100?
53
In base 8, what is -127 - 12?
-141
In base 2, what is 10 - -1111101?
1111111
In base 16, what is -8d - -1?
-8c
In base 16, what is 2 + -e?
-c
In base 4, what is -12 + 1233?
1221
In base 14, what is a - 1d9?
-1cd
In base 16, what is -9b9 + 1?
-9b8
In base 2, what is 101001 + -111101?
-10100
In base 7, what is 143 - -5?
151
In base 2, what is -11 + -10011010?
-10011101
In base 5, what is -130 + 1111?
431
In base 9, what is -43 + 7?
-35
In base 11, what is -979 + 3?
-976
In base 4, what is 3023 - 2?
3021
In base 11, what is 220 - -20?
240
In base 10, what is 49 - 1?
48
In base 9, what is 242 - 5?
236
In base 7, what is 44635 - -1?
44636
In base 4, what is -11123 + 1?
-11122
In base 10, what is -4 + -51?
-55
In base 12, what is 4 - 1042?
-103a
In base 12, what is -1153 + 2?
-1151
In base 10, what is -4 - 279?
-283
In base 12, what is 27 + 19?
44
In base 11, what is 3 - 751?
-749
In base 2, what is -10 + 1010001000?
1010000110
In base 15, what is b9 - -11?
ca
In base 12, what is 1010 - 7?
1005
In base 15, what is 0 - -1d9?
1d9
In base 15, what is 1aa - -4?
1ae
In base 13, what is -183 - 22?
-1a5
In base 11, what is 149 + 1?
14a
In base 2, what is 11 - 1000110?
-1000011
In base 4, what is -231 + -12?
-303
In base 5, what is -1 - -22044?
22043
In base 11, what is -755 - -2?
-753
In base 15, what is -6 + -4?
-a
In base 4, what is 1033 + -12?
1021
In base 5, what is -2211 - 13?
-2224
In base 12, what is -166 - -12?
-154
In base 7, what is -1145 - 0?
-1145
In base 12, what is 844 - 9?
837
In base 6, what is -3 + -142?
-145
In base 10, what is -3 + -1317?
-1320
In base 12, what is -230 - 8?
-238
In base 11, what is -2 - -a1?
9a
In base 10, what is -9 + -22?
-31
In base 10, what is 3631 + -4?
3627
In base 5, what is 23320 - 1?
23314
In base 6, what is 45 - 30?
15
In base 6, what is -250 + 2?
-244
In base 5, what is -3344 + 0?
-3344
In base 5, what is 4 + -32?
-23
In base 2, what is 1000001110010 - -100?
1000001110110
In base 10, what is 5 - -1414?
1419
In base 5, what is 10441 - 4?
10432
In base 16, what is -3 + -24?
-27
In base 3, what is -2 - -11100?
11021
In base 2, what is 110111 - 0?
110111
In base 12, what is -9 - -54?
47
In base 10, what is 3 - 2587?
-2584
In base 10, what is -26 + 11?
-15
In base 5, what is -10313 + 10?
-10303
In base 15, what is 1d - -5?
23
In base 8, what is -274 - -16?
-256
In base 4, what is 3 - 120?
-111
In base 12, what is -5 - 40?
-45
In base 6, what is -4 - 1105?
-1113
In base 8, what is 30 - 221?
-171
In base 6, what is -3 + 3243?
3240
In base 11, what is -47a - -2?
-478
In base 9, what is -3 + -3384?
-3387
In base 8, what is 11 - 5?
4
In base 3, what is 120001 + -22?
112202
In base 16, what is 4bf - -5?
4c4
In base 13, what is 5 + 287?
28c
In base 6, what is -40 + -11?
-51
In base 14, what is 966 + -3?
963
In base 4, what is -121 + 20300?
20113
In base 4, what is 31122 + 31?
31213
In base 14, what is -9 + -399?
-3a4
In base 15, what is -6 - -4b7?
4b1
In base 16, what is -1036 + 4?
-1032
In base 6, what is -53 + -340?
-433
In base 14, what is -32 - 1a?
-4c
In base 10, what is -61 + -376?
-437
In base 9, what is 5246 - 1?
5245
In base 4, what is -10310333 + -3?
-10311002
In base 6, what is -13 - 53?
-110
In base 5, what is -21 - 0?
-21
In base 6, what is -14200 + -4?
-14204
In base 16, what is 2 + -56?
-54
In base 8, what is 27 - -1?
30
In base 9, what is -3 + -132?
-135
In base 5, what is 3 - -14114?
14122
In base 16, what is -5 - -1f1?
1ec
In base 7, what is 512 - 4?
505
In base 12, what is 4 - -986?
98a
In base 4, what is 3 + -110?
-101
In base 13, what is c - -705?
714
In base 5, what is -4 + -12042?
-12101
In base 8, what is 66 + -31?
35
In base 6, what is -4 + -13413?
-13421
In base 7, what is 402 - -4?
406
In base 13, what is -4 - -c1?
ba
In base 16, what is -61 + ef?
8e
In base 15, what is 1e + -2?
1c
In base 13, what is -50b + -1?
-50c
In base 10, what is 7 + 23?
30
In base 8, what is -7 + 1?
-6
In base 6, what is 102 - 1?
101
In base 5, what is -3 + 203?
200
In base 11, what is -41 + -7a?
-110
In base 11, what is -5 - -92?
88
In base 15, what is 1 - -3b0?
3b1
In base 12, what is 49 + 173?
200
In base 11, what is -546 + -4?
-54a
In base 16, what is -4 - a0?
-a4
In base 13, what is 48 - 2c?
19
In base 9, what is 5 + 48?
54
In base 8, what is -26 + 4?
-22
In base 8, what is 1 + 420?
421
In base 14, what is 5 + 10?
15
In base 9, what is -3 + -43?
-46
In base 4, what is -11 - 113033?
-113110
In base 13, what is 67ca + 3?
6800
In base 9, what is -11 - -34?
23
In base 9, what is -140 + -5?
-145
In base 7, what is -5 - -206?
201
In base 16, what is 29 + -2?
27
In base 4, what is -10 - 2?
-12
In base 7, what is 0 - -50?
50
In base 6, what is -203442 + -2?
-203444
In base 6, what is 513 - -4?
521
In base 10, what is -4 + -59?
-63
In base 7, what is -25 + 21?
-4
In base 6, what is -144 + -15?
-203
In base 4, what is 11 - -121?
132
In base 15, what is -1c + a?
-12
In base 4, what is -1 + -1022113?
-1022120
In base 12, what is -370 - -3?
-369
In base 6, what is -5 + 125?
120
In base 7, what is -2 - -11?
6
In base 3, what is 12011111 - 11?
12011100
In base 3, what is 1201 + 0?
1201
In base 3, what is 20011 + 2?
20020
In base 16, what is 54 - -6?
5a
In base 11, what is 656 + 2?
658
In base 2, what is 11101 + 1?
11110
In base 4, what is -11 + 1331?
1320
In base 4, what is 1 + 1220?
1221
In base 16, what is 21 - -2e?
4f
In base 7, what is 3452 + -4?
3445
In base 16, what is 3 + -f?
-c
In base 3, what is 110222 + -2?
110220
In base 14, what is -c - 1b9?
-1c7
In base 2, what is -10001 + -10011110111?
-10100001000
In base 12, what is 1b5 - -18?
211
In base 5, what is -1131 - -2?
-1124
In base 10, what is 10 - 10?
0
In base 5, what is -10 - 242204?
-242214
In base 7, what is -11 - -1001?
660
In base 10, what is 403 - 5?
398
In base 7, what is 243 + -4?
236
In base 5, what is 2342 + -44?
2243
In base 2, what is -10001 + 110000?
11111
In base 8, what is -1734 + 3?
-1731
In base 10, what is -1732 + 2?
-1730
In base 6, what is 4 + 102?
110
In base 14, what is 24 - -4b?
71
In base 11, what is -30 + -12a?
-15a
In base 15, what is -144 + 43?
-101
In base 7, what is -14 - 330?
-344
In base 7, what is -45 + 200?
122
In base 6, what is -3 - 1131?
-1134
In base 7, what is 3131 - 4?
3124
In base 10, what is -2826 + 2?
-2824
In base 5, what is 1304 - -4?
1313
In base 8, what is 0 + -6?
-6
In base 9, what is -28 + 4?
-24
In base 12, what is -48 - -88?
40
In base 12, what is 3 - -1b9?
200
In base 5, what is 2 - 12414?
-12412
In base 3, what is -10 + -22222002?
-22222012
In base 11, what is 89 - 2?
87
In base 9, what is -3 + -1271?
-1274
In base 11, what is 0 + 26?
26
In base 16, what is 48 - 25?
23
In base 4, what is 11 - 1201?
-1130
In base 5, what is -3 - 32234?
-32242
In base 5, what is 1 + -42?
-41
In base 2, what is 100 - 1000010101111?
-1000010101011
In base 12, what is 4268 - -2?
426a
In base 3, what is 12 - 10202?
-10120
In base 13, what is 